MONTHLY CLIMATOLOGICAL SUMMARY for August 2009 CITY: Mannheim-Seckenheim ELEV: 96 m LAT: 49° 28' 7" LONG: 8° 33' 26" TEMPERATURE (°C), BAROMETER (hPa), RAIN (l/m²), WIND SPEED (km/h) MEAN TEMPERATURE WIND DOM DAY TEMP HIGH TIME LOW TIME HUM Baro Rain SPEED HIGH TIME DIR -------------------------------------------------------------------------------------------------------------- 1 21.5 30.5 17:00 13.4 05:45 60 1015.0 0.0 2.9 19.1 16:10 W-SW 2 20.3 23.9 17:05 16.9 23:45 77 1012.1 9.6 3.8 16.2 13:40 W-SW 3 18.8 23.3 15:55 14.6 07:55 73 1017.4 0.0 5.7 16.3 17:40 N 4 20.5 27.3 16:05 15.0 06:10 60 1021.2 0.0 3.6 16.2 12:25 N 5 21.2 30.1 17:55 12.4 06:25 60 1021.2 0.0 3.7 16.4 14:10 O-NO 6 23.4 31.3 16:40 14.6 06:15 59 1019.3 0.0 4.7 17.9 18:50 O-NO 7 24.1 32.0 15:40 16.0 05:35 60 1017.2 0.0 3.1 15.4 14:25 O-NO 8 21.5 23.9 18:15 19.0 06:05 75 1017.7 0.0 4.7 14.8 20:05 N 9 22.5 28.6 16:05 18.8 06:20 74 1017.5 0.0 3.6 12.6 11:50 N 10 20.6 25.5 17:45 17.4 07:15 83 1016.4 22.4 2.3 13.0 20:20 W-SW 11 20.1 25.4 16:20 17.5 01:05 82 1019.6 2.1 5.0 19.3 15:45 W 12 21.5 27.3 15:15 15.2 06:40 71 1020.2 0.0 4.1 16.7 18:45 W-SW 13 19.5 21.8 01:55 16.5 23:25 81 1017.5 2.1 2.7 14.7 08:35 N 14 19.9 25.9 15:20 15.7 23:45 74 1018.8 0.0 2.8 12.5 13:40 NO 15 20.8 29.7 16:35 12.8 07:05 69 1018.5 0.0 2.4 13.6 13:25 W 16 24.1 33.6 16:10 16.0 05:40 66 1016.5 0.0 3.8 15.8 15:45 W 17 24.3 31.9 15:25 17.4 06:55 68 1015.0 0.7 7.0 26.4 17:10 W 18 21.9 28.2 15:35 15.4 06:00 62 1020.9 0.0 4.4 13.4 16:30 NO 19 23.9 34.2 17:45 15.3 06:45 66 1020.6 0.0 2.1 13.1 14:50 NO 20 26.7 37.2 16:25 17.8 06:50 64 1018.5 0.0 2.7 15.5 17:35 W-SW 21 20.5 25.0 00:00 14.6 23:50 79 1021.4 3.5 5.4 18.3 03:15 N 22 18.7 26.0 16:40 14.2 06:20 72 1024.4 0.4 1.9 13.1 12:55 O-NO 23 19.9 27.2 15:20 12.3 06:10 62 1021.9 0.0 6.2 21.3 14:40 O-NO 24 22.5 31.3 15:50 14.2 06:15 62 1011.8 0.0 4.0 17.0 02:35 O-NO 25 22.5 28.3 16:30 18.5 00:50 72 1011.9 0.7 4.4 22.5 12:15 W 26 20.6 25.7 17:25 18.4 06:50 82 1016.9 0.0 1.0 12.2 11:25 W 27 22.8 30.0 15:55 16.3 06:50 71 1017.6 0.0 3.8 21.0 15:10 W 28 21.3 25.7 15:45 18.0 05:45 66 1015.4 0.0 8.0 27.5 15:20 W-SW 29 17.4 21.3 17:15 12.5 23:55 56 1021.4 0.0 8.2 22.6 11:30 W 30 16.5 24.9 16:40 9.7 04:35 62 1022.6 0.0 3.7 17.5 12:30 W-SW 31 18.9 28.9 16:55 9.5 06:50 58 1019.2 0.0 2.6 13.8 17:10 O-NO -------------------------------------------------------------------------------------------------------------- Avg: 21.2 37.2 20 9.5 31 69 1018.2 41.5 4.0 27.5 28 W Distribution WD Values 4492 Distribution WD N-NO 6.278% Distribution WD NO 9.372% Distribution WD NO-O 9.751% Distribution WD O 6.478% Distribution WD O-SO 0.846% Distribution WD SO 0.757% Distribution WD SO-S 0.445% Distribution WD S 1.024% Distribution WD S-SW 1.247% Distribution WD SW 5.276% Distribution WD SW-W 18.232% Distribution WD W 21.260% Distribution WD W-NW 3.606% Distribution WD NW 3.428% Distribution WD NW-N 3.740% Distribution WD N 8.259% Rain days >0.0 l/m² Month 8 Rain days >2.0 l/m² Month 5 Rain days >20.0 l/m² Month 1 Ice days max < 0°C 0 Cold days min <= 0°C 0 Cool days max < 10°C 0 Summer days max >=25°C 25 Hot days max >=30°C 10 Last year same Month: Ice days max < 0°C 0 Last year same Month: Cold days min <= 0°C 0 Last year same Month: Cool days max < 10°C 0 Last year same Month: Summer days max >=25°C 13 Last year same Month: Hot days max >=30°C 2 © 1999-2020 Werner Krenn - Wetterstation Bedien- und Auswertesoftware - V2.99.8.8