MONTHLY CLIMATOLOGICAL SUMMARY for Juni 2015 CITY: Mannheim-Seckenheim ELEV: 96 m LAT: 49° 28' 7" LONG: 8° 33' 26" TEMPERATURE (°C), BAROMETER (hPa), RAIN (l/m²), WIND SPEED (km/h) MEAN TEMPERATURE WIND DOM DAY TEMP HIGH TIME LOW TIME HUM Baro Rain SPEED HIGH TIME DIR -------------------------------------------------------------------------------------------------------------- 1 15.6 18.0 00:25 12.4 23:55 86 1014.9 7.8 6.4 17.7 04:50 S-SW 2 18.9 26.8 17:15 11.2 05:30 69 1015.5 0.0 12.2 33.8 18:20 SW 3 21.1 26.2 16:25 15.8 03:25 63 1019.7 0.0 9.8 25.7 11:10 W 4 20.8 28.7 16:50 12.4 06:00 58 1023.2 0.0 5.2 16.1 13:30 N 5 25.1 33.9 16:05 15.6 05:30 56 1017.7 0.0 5.4 17.7 13:40 O 6 25.2 31.0 13:40 20.7 02:30 66 1018.9 1.8 10.0 22.5 04:55 N-NO 7 22.3 27.4 15:45 16.9 06:05 54 1023.6 0.0 13.6 24.1 22:00 N-NO 8 18.1 21.0 18:05 15.5 23:55 59 1022.4 0.0 14.1 25.7 08:30 N-NO 9 16.1 19.1 12:35 12.4 04:55 62 1022.8 0.0 12.1 25.7 12:30 NO 10 17.0 22.3 19:00 11.9 05:05 67 1021.9 0.0 7.6 17.7 13:00 NO 11 21.7 26.4 12:40 16.5 00:00 62 1016.5 0.0 6.5 17.7 13:05 O-NO 12 23.1 31.7 15:10 15.7 05:30 68 1009.9 0.2 4.9 16.1 19:50 N-NO 13 21.6 26.3 15:30 18.0 23:30 77 1009.1 1.6 7.7 22.5 12:10 SW 14 21.9 28.4 16:15 14.8 05:50 60 1008.5 0.0 7.8 22.5 15:55 N-NO 15 21.1 26.1 13:35 17.2 06:25 59 1013.0 0.0 13.9 30.6 15:00 N-NO 16 18.5 23.2 14:20 13.3 06:10 56 1018.8 0.0 13.1 27.4 16:20 NO 17 17.2 23.3 16:05 10.3 05:55 52 1021.4 0.0 8.2 19.3 15:40 N-NO 18 16.7 20.1 17:45 14.2 07:50 79 1015.3 14.4 5.6 20.9 19:45 S-SW 19 13.8 16.3 13:10 11.9 05:05 77 1017.1 2.0 6.6 17.7 07:50 NW 20 14.5 18.8 16:50 11.6 06:25 73 1018.6 0.0 6.7 22.5 17:25 N-NO 21 15.8 20.8 16:55 12.6 05:25 85 1016.3 2.0 5.6 25.7 18:35 S-SW 22 14.9 16.6 18:30 13.0 23:55 87 1010.6 7.8 7.5 29.0 13:35 SW 23 13.3 19.8 17:00 9.6 06:25 86 1011.9 6.6 10.2 27.4 15:25 W 24 15.4 20.8 17:20 10.4 05:50 79 1020.6 0.0 3.0 14.5 14:45 O-NO 25 18.3 25.7 17:05 11.2 05:15 71 1021.3 0.0 0.3 16.1 17:20 W 26 21.0 28.5 15:10 13.3 05:00 66 1019.0 0.0 4.5 16.1 15:05 S-SW 27 20.7 25.1 14:35 17.2 09:55 77 1015.9 12.8 7.9 35.4 15:20 O-NO 28 19.9 24.9 16:45 13.0 05:25 63 1020.1 0.0 4.9 14.5 14:30 NO 29 22.9 29.8 15:15 16.1 03:35 64 1018.8 0.0 4.3 17.7 21:20 N-NO 30 24.3 30.7 16:55 16.3 05:45 55 1018.5 0.0 5.1 14.5 11:50 NO -------------------------------------------------------------------------------------------------------------- Avg: 19.2 33.9 5 9.6 23 68 1017.4 57.0 7.7 35.4 27 N-NO Distribution WD Values 4897 Distribution WD N-NO 19.951% Distribution WD NO 18.195% Distribution WD NO-O 8.127% Distribution WD O 2.308% Distribution WD O-SO 1.491% Distribution WD SO 1.062% Distribution WD SO-S 2.103% Distribution WD S 3.369% Distribution WD S-SW 6.943% Distribution WD SW 8.740% Distribution WD SW-W 2.696% Distribution WD W 7.290% Distribution WD W-NW 1.756% Distribution WD NW 2.757% Distribution WD NW-N 2.348% Distribution WD N 10.864% Rain days >0.0 l/m² Month 10 Rain days >2.0 l/m² Month 5 Rain days >20.0 l/m² Month 0 Ice days max < 0°C 0 Cold days min <= 0°C 0 Cool days max < 10°C 0 Summer days max >=25°C 16 Hot days max >=30°C 4 Last year same Month: Ice days max < 0°C 0 Last year same Month: Cold days min <= 0°C 0 Last year same Month: Cool days max < 10°C 0 Last year same Month: Summer days max >=25°C 12 Last year same Month: Hot days max >=30°C 4 © 1999-2020 Werner Krenn - Wetterstation Bedien- und Auswertesoftware - V2.99.8.8