MONTHLY CLIMATOLOGICAL SUMMARY for Januar 2019 CITY: Mannheim-Seckenheim ELEV: 96 m LAT: 49° 28' 7" LONG: 8° 33' 26" TEMPERATURE (°C), BAROMETER (hPa), RAIN (l/m²), WIND SPEED (km/h) MEAN TEMPERATURE WIND DOM DAY TEMP HIGH TIME LOW TIME HUM Baro Rain SPEED HIGH TIME DIR -------------------------------------------------------------------------------------------------------------- 1 6.9 7.8 13:30 5.9 08:05 92 1028.9 0.4 5.9 20.9 17:05 W-SW 2 4.2 6.9 12:00 -0.6 23:00 74 1032.0 0.0 7.0 20.9 12:15 N-NO 3 -0.4 1.1 21:25 -2.9 03:50 91 1036.9 0.2 0.7 8.0 15:35 N-NO 4 1.8 3.7 15:35 -0.2 01:40 93 1035.5 1.8 1.5 11.3 20:05 W-SW 5 4.5 7.1 20:35 2.9 07:50 94 1029.2 9.8 3.2 17.7 20:30 W-SW 6 5.8 6.8 14:25 5.3 08:45 94 1030.5 4.6 2.8 16.1 13:45 SW 7 4.9 6.1 14:45 3.7 23:45 92 1031.3 3.4 2.4 12.9 23:00 W-SW 8 5.4 7.8 12:00 3.7 00:05 88 1016.6 4.0 12.0 27.4 15:50 W-SW 9 3.8 5.7 00:15 1.4 23:55 81 1014.4 2.6 9.8 24.1 05:15 N-NO 10 2.1 3.4 11:30 -0.7 23:35 80 1022.9 0.0 4.1 14.5 11:00 N-NO 11 0.5 1.3 22:50 -0.6 00:00 91 1024.6 2.6 2.7 9.7 10:05 S 12 3.3 4.8 23:45 1.3 00:00 96 1020.3 10.4 6.2 19.3 20:30 W-SW 13 7.1 10.0 20:35 4.7 01:50 95 1007.7 6.0 6.2 24.1 23:40 W-SW 14 5.8 7.9 00:05 3.2 22:30 83 1011.3 2.4 6.8 24.1 12:10 SW 15 4.6 6.4 13:50 2.2 08:50 86 1020.5 0.0 3.9 14.5 18:10 W-SW 16 5.4 7.2 13:20 3.5 23:10 80 1012.7 0.0 4.8 16.1 12:25 S-SO 17 6.1 8.6 12:25 2.7 23:20 84 1006.4 1.4 9.3 25.7 14:05 W-SW 18 2.4 5.1 15:05 -1.1 23:50 80 1017.9 0.0 2.8 12.9 01:10 W-SW 19 -0.9 3.5 13:05 -4.0 08:50 82 1016.0 0.2 1.9 12.9 13:50 S-SO 20 -2.9 1.1 14:30 -6.0 08:45 88 1015.6 0.0 0.4 6.4 14:45 SO 21 -3.2 1.1 15:05 -6.3 07:45 87 1020.8 0.0 0.8 8.0 11:25 O-NO 22 -2.6 0.1 15:20 -5.4 01:25 88 1010.8 0.0 2.1 11.3 05:30 S-SO 23 -0.8 0.3 13:40 -2.4 09:00 80 999.2 0.0 2.8 9.7 13:00 NO 24 -1.8 -1.1 13:25 -2.5 07:20 81 1009.1 0.0 1.3 8.0 12:15 NO 25 -0.6 1.7 14:25 -2.7 07:30 84 1015.7 0.0 4.5 14.5 20:00 S 26 3.0 4.9 22:45 0.3 01:15 93 1009.9 2.6 7.8 17.7 09:30 S 27 6.2 8.1 14:05 3.6 23:15 87 992.0 1.8 10.1 24.1 22:05 W-SW 28 3.2 4.1 17:15 2.3 07:00 88 997.0 0.2 10.2 22.5 09:40 W-SW 29 2.3 5.1 14:55 0.6 07:15 84 1004.8 0.2 2.8 16.1 23:50 O-SO 30 2.3 4.6 12:40 1.1 02:20 80 994.2 0.0 9.5 35.4 13:10 O-SO 31 1.1 3.8 15:25 -0.5 08:40 86 996.1 1.0 4.0 16.1 07:40 S -------------------------------------------------------------------------------------------------------------- Avg: 2.6 10.0 13 -6.3 21 86 1015.5 55.6 4.8 35.4 30 W-SW Distribution WD Values 2911 Distribution WD N-NO 5.119% Distribution WD NO 3.023% Distribution WD NO-O 1.305% Distribution WD O 1.649% Distribution WD O-SO 2.679% Distribution WD SO 2.164% Distribution WD SO-S 6.939% Distribution WD S 9.481% Distribution WD S-SW 8.554% Distribution WD SW 19.375% Distribution WD SW-W 28.650% Distribution WD W 5.428% Distribution WD W-NW 0.275% Distribution WD NW 0.378% Distribution WD NW-N 1.305% Distribution WD N 3.676% Rain days >0.0 l/m² Month 19 Rain days >2.0 l/m² Month 10 Rain days >20.0 l/m² Month 0 Ice days max < 0°C 1 Cold days min <= 0°C 14 Cool days max < 10°C 30 Summer days max >=25°C 0 Hot days max >=30°C 0 Last year same Month: Ice days max < 0°C 0 Last year same Month: Cold days min <= 0°C 1 Last year same Month: Cool days max < 10°C 21 Last year same Month: Summer days max >=25°C 0 Last year same Month: Hot days max >=30°C 0 © 1999-2020 Werner Krenn - Wetterstation Bedien- und Auswertesoftware - V2.99.8.8