MONTHLY CLIMATOLOGICAL SUMMARY for Juni 2019 CITY: Mannheim-Seckenheim ELEV: 96 m LAT: 49° 28' 7" LONG: 8° 33' 26" TEMPERATURE (°C), BAROMETER (hPa), RAIN (l/m²), WIND SPEED (km/h) MEAN TEMPERATURE WIND DOM DAY TEMP HIGH TIME LOW TIME HUM Baro Rain SPEED HIGH TIME DIR -------------------------------------------------------------------------------------------------------------- 1 21.6 29.3 17:10 13.0 05:25 66 1020.1 0.0 1.7 11.3 13:15 NO 2 24.0 31.9 17:25 14.5 05:40 58 1014.6 0.0 3.5 17.7 12:50 O 3 22.6 32.1 13:50 17.2 03:50 66 1012.2 1.2 3.4 24.1 14:45 W 4 24.4 32.3 16:30 14.7 05:45 62 1008.6 0.0 5.8 22.5 17:10 O 5 25.7 31.7 17:50 19.7 04:20 55 1003.7 0.0 3.0 12.9 23:50 O 6 15.5 27.3 00:25 11.3 23:45 82 1011.1 5.6 6.0 20.9 00:45 W-SW 7 16.9 28.6 17:25 8.8 04:10 75 1011.3 5.0 4.5 30.6 19:20 O 8 17.3 22.2 17:30 13.3 23:50 58 1020.3 0.0 8.1 29.0 09:20 W-SW 9 18.4 24.6 14:15 10.1 05:25 66 1019.7 0.0 2.5 12.9 11:40 NO 10 18.0 21.8 14:10 15.9 05:35 88 1012.5 2.8 2.1 11.3 14:00 W 11 17.7 21.4 18:05 13.7 05:50 82 1009.9 13.6 1.4 9.7 09:15 O-NO 12 17.4 21.7 17:20 14.1 11:35 80 1008.9 4.0 2.4 17.7 16:25 W-SW 13 19.6 25.7 16:00 14.2 06:15 65 1012.9 0.2 3.7 20.9 16:45 W-SW 14 19.3 25.6 14:45 12.6 05:15 76 1013.1 0.4 1.5 11.3 14:30 W 15 20.6 26.8 17:45 15.0 05:10 74 1011.8 0.0 4.2 17.7 12:20 W-SW 16 19.2 24.3 16:35 15.6 07:20 78 1019.1 4.0 1.8 9.7 15:05 W 17 20.9 28.3 16:00 12.9 05:15 69 1017.8 0.0 2.3 12.9 16:30 O 18 23.8 30.6 15:55 15.6 05:20 66 1012.5 0.0 2.4 14.5 13:30 O 19 25.7 32.2 15:45 18.4 04:55 60 1007.8 0.0 3.7 14.5 16:40 W 20 21.0 25.6 12:10 16.6 04:50 78 1011.0 23.4 4.4 20.9 01:35 W-SW 21 20.6 25.6 16:30 15.6 05:45 69 1016.1 0.0 2.9 16.1 18:45 NO 22 20.1 27.3 14:55 14.7 05:45 73 1016.0 0.2 3.4 12.9 14:35 NO 23 22.7 29.0 16:25 15.9 05:25 75 1016.0 0.0 2.8 14.5 15:10 O-SO 24 26.0 31.8 16:25 18.2 05:05 64 1016.9 0.0 5.1 17.7 16:30 O 25 28.2 34.7 16:35 22.9 07:00 59 1016.7 0.0 4.0 14.5 15:10 O-SO 26 29.1 36.9 16:50 21.4 05:45 63 1019.4 0.0 1.7 9.7 18:40 O-NO 27 26.9 31.7 16:20 21.2 23:50 57 1021.0 0.0 5.6 17.7 14:05 NO 28 23.4 30.6 16:55 16.2 05:30 55 1020.6 0.0 3.8 14.5 17:50 N-NO 29 25.3 33.8 16:45 15.6 05:40 50 1016.9 0.0 2.6 11.3 11:20 O 30 28.9 38.6 17:00 18.4 06:00 52 1012.4 0.0 3.7 14.5 14:00 W -------------------------------------------------------------------------------------------------------------- Avg: 22.0 38.6 30 8.8 7 67 1014.4 60.4 3.5 30.6 7 O Distribution WD Values 1754 Distribution WD N-NO 7.355% Distribution WD NO 10.148% Distribution WD NO-O 6.899% Distribution WD O 15.222% Distribution WD O-SO 10.490% Distribution WD SO 5.074% Distribution WD SO-S 2.109% Distribution WD S 1.368% Distribution WD S-SW 2.338% Distribution WD SW 7.982% Distribution WD SW-W 15.165% Distribution WD W 12.315% Distribution WD W-NW 1.254% Distribution WD NW 0.285% Distribution WD NW-N 0.342% Distribution WD N 1.653% Rain days >0.0 l/m² Month 11 Rain days >2.0 l/m² Month 7 Rain days >20.0 l/m² Month 1 Ice days max < 0°C 0 Cold days min <= 0°C 0 Cool days max < 10°C 0 Summer days max >=25°C 24 Hot days max >=30°C 13 Last year same Month: Ice days max < 0°C 0 Last year same Month: Cold days min <= 0°C 0 Last year same Month: Cool days max < 10°C 0 Last year same Month: Summer days max >=25°C 20 Last year same Month: Hot days max >=30°C 5 © 1999-2020 Werner Krenn - Wetterstation Bedien- und Auswertesoftware - V2.99.8.8