MONTHLY CLIMATOLOGICAL SUMMARY for September 2019 CITY: Mannheim-Seckenheim ELEV: 96 m LAT: 49° 28' 7" LONG: 8° 33' 26" TEMPERATURE (°C), BAROMETER (hPa), RAIN (l/m²), WIND SPEED (km/h) MEAN TEMPERATURE WIND DOM DAY TEMP HIGH TIME LOW TIME HUM Baro Rain SPEED HIGH TIME DIR -------------------------------------------------------------------------------------------------------------- 1 22.7 25.8 00:30 18.6 23:45 64 1011.9 0.0 3.9 16.1 12:45 NO 2 18.1 23.4 17:00 13.3 07:35 60 1020.6 0.0 3.2 14.5 10:15 N-NO 3 18.0 26.0 17:15 9.9 06:30 58 1022.4 0.0 1.7 9.7 13:25 S 4 19.5 27.6 17:00 10.9 07:05 62 1015.9 0.0 2.9 14.5 19:00 W-SW 5 18.1 21.9 15:10 15.3 07:35 64 1017.8 0.0 5.3 16.1 18:10 N-NO 6 15.5 21.8 17:20 9.7 06:45 66 1021.9 0.0 1.6 9.7 11:50 N-NO 7 13.2 16.3 17:25 11.3 01:35 84 1018.1 11.6 0.8 9.7 19:10 NO 8 13.5 15.9 15:40 12.2 05:15 94 1016.1 8.8 1.4 11.3 14:45 N-NO 9 14.1 17.9 14:40 12.2 05:40 86 1014.4 0.6 1.1 9.7 14:35 NO 10 14.4 21.6 16:00 8.3 07:15 76 1016.3 0.0 0.8 11.3 17:55 O 11 15.8 23.1 15:25 8.3 06:50 72 1022.3 0.0 1.9 14.5 15:30 SW 12 19.5 25.1 16:25 15.8 23:50 73 1027.7 0.0 1.9 11.3 14:05 W-SW 13 18.7 24.7 15:05 14.2 07:35 82 1029.9 0.0 1.4 9.7 11:05 N-NO 14 18.4 25.3 15:55 12.8 07:20 78 1028.8 0.0 1.8 11.3 13:25 N-NO 15 18.5 27.2 17:20 11.4 07:00 75 1022.3 0.0 0.7 8.0 15:15 N-NO 16 18.4 24.8 14:30 11.4 06:35 71 1018.2 0.0 1.0 12.9 23:45 W-SW 17 17.5 22.0 16:05 12.7 23:55 67 1018.6 0.0 5.1 20.9 18:25 N-NO 18 13.3 19.2 16:00 7.1 06:50 66 1023.7 0.0 3.8 16.1 11:55 NO 19 12.8 19.2 16:35 7.4 07:45 63 1026.9 0.0 3.5 16.1 13:20 NO 20 13.5 21.8 16:55 6.4 07:35 57 1026.1 0.0 2.7 12.9 13:25 NO 21 15.6 26.8 16:50 6.4 07:10 57 1018.3 0.0 2.0 12.9 14:40 O 22 16.5 25.0 17:25 8.4 07:40 68 1010.0 0.0 0.4 6.4 12:50 O-NO 23 17.2 21.9 17:20 14.3 23:25 81 1013.8 13.8 2.6 14.5 16:30 W-SW 24 15.9 19.8 14:15 11.9 07:25 85 1011.7 2.0 2.0 9.7 12:40 O-SO 25 15.8 19.3 14:05 14.4 19:25 88 1007.8 5.4 4.8 17.7 15:05 W 26 16.1 18.7 14:50 14.0 03:25 94 1011.2 1.4 3.1 12.9 12:25 S-SO 27 16.1 17.7 08:30 13.7 23:00 91 1011.5 9.6 4.0 17.7 09:45 W 28 15.7 18.7 12:10 13.4 07:50 85 1014.5 0.2 5.2 20.9 18:15 W-SW 29 16.9 21.0 13:40 12.4 07:00 76 1007.6 2.4 7.6 29.0 21:10 W 30 16.0 18.4 13:25 12.4 23:10 79 1010.1 9.8 9.6 27.4 01:05 W-SW -------------------------------------------------------------------------------------------------------------- Avg: 16.5 27.6 4 6.4 20 74 1017.9 65.6 2.9 29.0 29 W-SW Distribution WD Values 1193 Distribution WD N-NO 13.244% Distribution WD NO 12.490% Distribution WD NO-O 4.275% Distribution WD O 4.191% Distribution WD O-SO 2.682% Distribution WD SO 1.760% Distribution WD SO-S 2.934% Distribution WD S 3.185% Distribution WD S-SW 3.101% Distribution WD SW 11.819% Distribution WD SW-W 21.207% Distribution WD W 13.328% Distribution WD W-NW 1.593% Distribution WD NW 0.754% Distribution WD NW-N 0.503% Distribution WD N 2.934% Rain days >0.0 l/m² Month 11 Rain days >2.0 l/m² Month 8 Rain days >20.0 l/m² Month 0 Ice days max < 0°C 0 Cold days min <= 0°C 0 Cool days max < 10°C 0 Summer days max >=25°C 8 Hot days max >=30°C 0 Last year same Month: Ice days max < 0°C 0 Last year same Month: Cold days min <= 0°C 0 Last year same Month: Cool days max < 10°C 0 Last year same Month: Summer days max >=25°C 13 Last year same Month: Hot days max >=30°C 3 © 1999-2020 Werner Krenn - Wetterstation Bedien- und Auswertesoftware - V2.99.8.8