MONTHLY CLIMATOLOGICAL SUMMARY for Januar 2023 CITY: Mannheim-Seckenheim ELEV: 96 m LAT: 49° 28' 7" LONG: 8° 33' 26" TEMPERATURE (°C), BAROMETER (hPa), RAIN (l/m²), WIND SPEED (km/h) MEAN TEMPERATURE WIND DOM DAY TEMP HIGH TIME LOW TIME HUM Baro Rain SPEED HIGH TIME DIR -------------------------------------------------------------------------------------------------------------- 1 13.6 16.1 12:10 11.1 09:40 75 1017.7 0.0 3.5 16.1 03:40 S-SO 2 12.8 16.8 12:20 8.4 23:55 73 1019.1 0.4 5.3 30.6 17:10 SW 3 7.5 10.7 15:05 4.5 07:05 88 1028.7 0.0 1.0 9.7 12:50 S-SO 4 8.1 11.0 23:35 5.4 03:10 91 1023.8 0.8 11.7 32.2 17:30 S-SO 5 11.6 12.8 12:30 10.9 00:05 82 1021.5 0.0 8.6 24.1 05:30 W-SW 6 10.7 11.7 13:35 9.6 09:05 88 1021.2 1.4 4.1 19.3 12:55 SW 7 10.1 12.6 15:05 8.8 20:20 80 1015.1 0.0 3.4 20.9 15:15 S-SO 8 9.3 10.8 13:45 8.0 07:30 88 1004.9 4.6 6.0 17.7 14:25 S-SO 9 7.7 9.1 00:00 6.5 19:45 89 1002.9 3.6 7.8 22.5 19:30 SW 10 6.8 7.9 15:05 6.1 06:45 82 1019.1 0.0 7.8 20.9 05:50 SW 11 8.8 10.6 15:10 7.0 22:55 89 1015.5 2.4 6.8 19.3 03:20 S-SO 12 9.5 10.8 16:50 7.4 00:00 85 1015.2 0.2 13.6 33.8 10:20 SW 13 9.8 11.4 13:00 8.0 22:20 80 1012.9 1.6 12.5 35.4 15:15 SW 14 8.4 10.3 23:35 5.9 05:55 85 1012.8 0.6 9.5 22.5 18:35 S-SO 15 7.2 10.5 02:30 4.4 13:20 88 1005.0 6.0 11.4 30.6 02:10 SW 16 5.5 7.3 14:00 4.4 20:50 81 989.9 2.6 14.5 38.6 17:35 S-SO 17 3.4 5.7 14:25 1.8 08:30 81 987.2 0.2 3.7 22.5 02:20 SW 18 1.4 4.1 15:15 -1.4 23:50 79 995.6 0.2 3.9 16.1 13:00 N-NW 19 0.7 3.3 15:45 -1.8 01:00 89 1007.6 0.4 2.3 16.1 13:00 S-SO 20 1.2 4.0 14:45 -1.6 07:55 90 1015.5 12.0 1.0 12.9 16:15 S 21 -0.5 0.6 00:00 -2.9 08:00 94 1025.0 4.2 3.8 16.1 14:05 N-NW 22 1.2 2.8 13:25 -0.1 00:00 94 1027.0 1.6 3.9 12.9 02:10 N-NW 23 1.9 3.3 13:35 0.5 03:20 90 1031.7 0.2 3.6 14.5 11:40 N 24 2.8 3.3 12:00 2.3 00:00 88 1034.6 0.0 7.6 19.3 17:10 N-NO 25 2.0 2.4 00:00 1.3 23:45 90 1030.4 0.0 1.0 8.0 00:45 N-NO 26 0.3 1.3 00:00 -0.4 23:05 90 1021.7 0.0 3.2 12.9 14:35 N-NW 27 1.9 3.8 17:05 -0.3 00:00 88 1021.8 0.0 2.4 14.5 13:25 N-NO 28 2.5 3.6 11:20 0.7 23:45 82 1026.5 0.0 6.1 14.5 06:10 N-NO 29 0.0 1.9 14:40 -1.4 07:10 77 1027.8 0.0 0.6 9.7 13:20 S-SW 30 2.7 5.4 16:05 -0.6 00:00 87 1022.0 0.0 10.6 29.0 12:50 SW 31 4.2 5.7 21:00 0.9 06:50 88 1025.1 0.2 6.5 19.3 13:55 SW -------------------------------------------------------------------------------------------------------------- Avg: 5.6 16.8 2 -2.9 21 86 1016.9 43.2 6.1 38.6 16 SW Distribution WD Values 3533 Distribution WD N-NO 6.821% Distribution WD NO 1.868% Distribution WD NO-O 0.991% Distribution WD O 0.142% Distribution WD O-SO 0.538% Distribution WD SO 2.208% Distribution WD SO-S 22.474% Distribution WD S 10.756% Distribution WD S-SW 8.067% Distribution WD SW 22.502% Distribution WD SW-W 9.284% Distribution WD W 0.509% Distribution WD W-NW 0.085% Distribution WD NW 0.142% Distribution WD NW-N 9.142% Distribution WD N 4.472% Rain days >0.0 l/m² Month 19 Rain days >2.0 l/m² Month 7 Rain days >20.0 l/m² Month 0 Ice days max < 0°C 0 Cold days min <= 0°C 9 Cool days max < 10°C 18 Summer days max >=25°C 0 Hot days max >=30°C 0 Last year same Month: Ice days max < 0°C 0 Last year same Month: Cold days min <= 0°C 7 Last year same Month: Cool days max < 10°C 27 Last year same Month: Summer days max >=25°C 0 Last year same Month: Hot days max >=30°C 0 © 1999-2022 Werner Krenn - Wetterstation Bedien- und Auswertesoftware - V2.99.9.0