MONTHLY CLIMATOLOGICAL SUMMARY for März 2023 CITY: Mannheim-Seckenheim ELEV: 96 m LAT: 49° 28' 7" LONG: 8° 33' 26" TEMPERATURE (°C), BAROMETER (hPa), RAIN (l/m²), WIND SPEED (km/h) MEAN TEMPERATURE WIND DOM DAY TEMP HIGH TIME LOW TIME HUM Baro Rain SPEED HIGH TIME DIR -------------------------------------------------------------------------------------------------------------- 1 3.8 9.4 16:20 -0.7 04:30 65 1022.4 0.0 7.9 20.9 13:35 N-NO 2 5.8 12.9 15:35 -0.4 06:35 68 1017.9 0.0 5.3 16.1 10:35 N-NO 3 4.0 10.5 15:15 -1.4 07:05 75 1020.6 0.0 4.9 16.1 12:50 N-NW 4 2.2 5.1 15:55 -2.3 05:55 84 1022.6 0.0 1.1 14.5 01:30 N-NW 5 4.6 6.2 14:15 2.9 07:00 77 1015.5 0.0 1.1 12.9 14:20 N-NW 6 4.2 6.5 14:25 2.9 05:05 79 1006.3 0.0 4.9 20.9 18:35 SW 7 5.6 8.4 12:30 3.1 05:25 72 1001.0 0.0 10.8 25.7 21:55 SW 8 6.6 10.4 17:20 2.6 10:05 83 995.5 13.2 7.8 20.9 13:15 S-SO 9 11.3 14.8 15:00 9.2 04:55 84 996.5 8.6 10.7 32.2 13:40 SW 10 9.5 11.9 00:20 4.5 23:40 80 993.8 1.2 15.9 45.1 15:50 SW 11 2.9 6.4 14:30 -1.2 23:50 68 1009.5 0.2 7.0 25.7 00:10 W-SW 12 5.7 13.7 15:15 -1.6 02:00 82 1012.2 1.4 3.8 20.9 15:10 SW 13 13.5 21.2 16:40 9.7 00:55 80 1002.8 7.2 11.7 30.6 17:20 S-SO 14 9.7 12.3 11:00 3.2 22:30 79 999.7 1.8 14.9 45.1 15:00 SW 15 3.4 8.3 15:40 0.8 06:10 86 1017.5 2.2 2.8 16.1 13:40 W-SW 16 6.1 12.4 14:50 -1.1 04:55 73 1017.4 0.0 4.3 14.5 09:55 O-SO 17 10.3 16.4 14:05 2.4 06:50 69 1010.5 0.0 1.3 14.5 11:50 S-SO 18 14.1 18.9 14:45 10.8 06:35 58 1011.3 0.0 2.6 16.1 12:20 S-SO 19 12.4 17.5 12:20 8.9 22:35 74 1014.5 0.2 2.6 14.5 14:30 S 20 11.1 14.9 16:05 9.2 05:10 77 1018.9 0.0 3.9 20.9 17:40 W-SW 21 11.4 14.9 13:40 8.5 07:05 74 1015.7 0.4 2.1 12.9 14:20 S 22 14.1 19.1 14:05 9.1 07:00 67 1010.9 0.0 6.5 22.5 10:45 SW 23 14.3 15.4 12:05 13.2 20:25 73 1008.1 0.2 5.9 20.9 08:45 SW 24 14.0 17.5 15:25 9.8 23:15 78 1005.4 5.0 8.0 30.6 15:35 SW 25 10.7 15.0 16:15 7.7 03:45 76 1008.8 3.2 12.7 35.4 19:05 SW 26 9.3 14.0 15:35 7.6 23:10 83 1004.7 6.2 6.6 25.7 17:05 SW 27 5.9 9.1 17:50 2.6 07:35 73 1016.7 2.2 13.8 29.0 04:55 N-NW 28 5.3 10.2 16:55 -1.0 07:15 69 1025.1 0.0 2.9 14.5 15:05 S-SO 29 11.5 17.8 15:40 6.9 02:15 70 1016.5 0.4 4.3 20.9 00:20 S-SO 30 14.3 19.3 16:20 10.4 22:40 75 1010.4 5.0 8.7 35.4 15:15 SW 31 11.5 13.8 15:30 10.1 12:10 85 1002.0 7.6 8.3 25.7 11:25 SW -------------------------------------------------------------------------------------------------------------- Avg: 8.7 21.2 13 -2.3 4 75 1010.7 66.2 6.6 45.1 10 SW Distribution WD Values 3765 Distribution WD N-NO 4.276% Distribution WD NO 2.072% Distribution WD NO-O 0.398% Distribution WD O 0.558% Distribution WD O-SO 1.009% Distribution WD SO 1.780% Distribution WD SO-S 15.671% Distribution WD S 7.198% Distribution WD S-SW 5.737% Distribution WD SW 28.765% Distribution WD SW-W 15.830% Distribution WD W 0.823% Distribution WD W-NW 0.345% Distribution WD NW 0.637% Distribution WD NW-N 11.341% Distribution WD N 3.559% Rain days >0.0 l/m² Month 18 Rain days >2.0 l/m² Month 10 Rain days >20.0 l/m² Month 0 Ice days max < 0°C 0 Cold days min <= 0°C 8 Cool days max < 10°C 8 Summer days max >=25°C 0 Hot days max >=30°C 0 Last year same Month: Ice days max < 0°C 0 Last year same Month: Cold days min <= 0°C 10 Last year same Month: Cool days max < 10°C 7 Last year same Month: Summer days max >=25°C 0 Last year same Month: Hot days max >=30°C 0 © 1999-2022 Werner Krenn - Wetterstation Bedien- und Auswertesoftware - V2.99.9.0