MONTHLY CLIMATOLOGICAL SUMMARY for März 2012 CITY: Mannheim-Seckenheim ELEV: 96 m LAT: 49° 28' 7" LONG: 8° 33' 26" TEMPERATURE (°C), BAROMETER (hPa), RAIN (l/m²), WIND SPEED (km/h) MEAN TEMPERATURE WIND DOM DAY TEMP HIGH TIME LOW TIME HUM Baro Rain SPEED HIGH TIME DIR -------------------------------------------------------------------------------------------------------------- 1 8.2 13.1 16:10 4.6 05:45 92 1024.0 0.2 2.7 12.9 16:35 W 2 8.3 9.7 16:35 7.2 02:55 94 1025.2 0.4 2.6 9.7 19:20 O-SO 3 8.8 10.6 15:15 7.7 07:05 90 1023.0 0.0 3.4 11.3 19:50 NO 4 9.3 11.8 12:15 6.8 21:35 78 1020.1 0.0 5.0 12.9 08:50 O-SO 5 6.0 7.8 00:00 4.1 23:55 78 1018.2 4.6 11.3 32.2 11:35 SW 6 5.5 11.1 13:40 1.3 07:15 66 1023.9 0.0 3.3 12.9 12:05 O-SO 7 5.2 10.3 13:45 -0.7 06:40 73 1022.3 1.4 8.9 29.0 22:15 SW 8 6.4 10.1 14:00 1.8 23:55 72 1025.2 5.8 12.2 30.6 00:05 W 9 4.4 10.7 15:55 -0.8 05:50 76 1036.7 0.0 2.4 11.3 14:45 SW 10 6.7 11.8 16:35 2.2 00:15 73 1034.9 0.0 4.2 14.5 11:20 S-SO 11 9.8 12.6 13:45 7.3 02:00 79 1032.0 0.2 6.4 19.3 13:35 N 12 10.1 13.7 15:30 6.6 04:45 78 1030.6 0.0 8.0 20.9 14:55 N 13 7.9 11.3 13:30 3.4 07:25 80 1031.3 0.0 6.7 17.7 17:55 NO 14 8.0 11.9 15:30 3.5 23:50 74 1030.4 0.0 6.7 16.1 16:55 NO 15 7.3 16.7 16:10 0.9 06:40 79 1027.9 0.0 2.2 9.7 10:35 SW 16 11.2 22.3 15:40 2.2 06:55 68 1021.8 0.0 3.8 14.5 09:30 S 17 14.1 20.8 14:30 8.4 06:20 52 1016.9 0.0 9.7 27.4 15:45 SW 18 9.0 11.1 09:30 6.3 23:20 85 1016.2 4.6 5.7 20.9 15:00 SW 19 7.7 11.6 15:40 4.1 22:55 78 1027.7 0.2 5.6 20.9 15:40 N 20 7.2 14.7 15:45 -0.1 06:45 65 1034.2 0.0 3.4 11.3 18:20 N 21 9.2 18.3 16:20 1.7 06:50 59 1033.4 0.0 4.0 12.9 12:55 NO 22 12.8 21.7 15:00 3.3 06:30 55 1028.1 0.0 6.5 20.9 12:50 NO 23 12.9 20.5 15:45 5.8 06:40 70 1024.5 0.0 4.3 17.7 16:55 W 24 12.9 20.6 14:40 5.7 06:40 66 1024.2 0.0 4.3 16.1 15:35 NO 25 14.1 22.0 15:55 6.6 07:15 57 1027.6 0.0 6.3 20.9 16:25 NO 26 13.6 19.9 15:50 7.5 06:15 49 1031.1 0.0 7.2 25.7 15:00 NO 27 12.9 20.5 17:20 6.1 07:35 59 1031.0 0.0 5.3 17.7 15:25 N-NO 28 14.2 21.4 16:25 7.0 07:25 55 1027.4 0.0 6.5 19.3 14:55 N-NO 29 12.0 17.7 14:25 5.6 07:25 62 1021.2 0.0 10.0 29.0 18:40 N 30 11.4 12.9 11:55 9.8 06:35 69 1018.1 0.6 13.9 27.4 05:55 W-NW 31 10.7 15.6 14:25 5.8 23:59 66 1012.7 0.0 16.2 37.0 15:55 W -------------------------------------------------------------------------------------------------------------- Avg: 9.6 22.3 16 -0.8 9 71 1025.9 18.0 6.4 37.0 31 NO Distribution WD Values 4637 Distribution WD N-NO 11.516% Distribution WD NO 14.600% Distribution WD NO-O 4.141% Distribution WD O 2.717% Distribution WD O-SO 2.696% Distribution WD SO 2.696% Distribution WD SO-S 3.019% Distribution WD S 3.213% Distribution WD S-SW 3.796% Distribution WD SW 9.597% Distribution WD SW-W 4.917% Distribution WD W 8.626% Distribution WD W-NW 6.146% Distribution WD NW 5.348% Distribution WD NW-N 4.443% Distribution WD N 12.530% Rain days >0.0 l/m² Month 9 Rain days >2.0 l/m² Month 3 Rain days >20.0 l/m² Month 0 Ice days max < 0°C 0 Cold days min <= 0°C 3 Cool days max < 10°C 2 Summer days max >=25°C 0 Hot days max >=30°C 0 Last year same Month: Ice days max < 0°C 0 Last year same Month: Cold days min <= 0°C 5 Last year same Month: Cool days max < 10°C 5 Last year same Month: Summer days max >=25°C 0 Last year same Month: Hot days max >=30°C 0 © 1999-2020 Werner Krenn - Wetterstation Bedien- und Auswertesoftware - V2.99.8.8