MONTHLY CLIMATOLOGICAL SUMMARY for Juni 2021 CITY: Mannheim-Seckenheim ELEV: 96 m LAT: 49° 28' 7" LONG: 8° 33' 26" TEMPERATURE (°C), BAROMETER (hPa), RAIN (l/m²), WIND SPEED (km/h) MEAN TEMPERATURE WIND DOM DAY TEMP HIGH TIME LOW TIME HUM Baro Rain SPEED HIGH TIME DIR -------------------------------------------------------------------------------------------------------------- 1 18.7 26.2 16:05 9.0 05:05 53 1015.2 0.0 5.6 20.9 12:00 O-SO 2 20.8 28.9 17:35 10.4 05:00 50 1013.8 0.0 3.1 14.5 12:25 O-SO 3 22.3 29.0 16:30 16.7 04:25 67 1018.1 0.0 4.0 16.1 16:35 S-SO 4 21.6 29.0 14:30 16.1 05:50 79 1018.5 0.6 3.5 22.5 22:10 W-SW 5 19.5 23.6 14:25 17.1 03:00 86 1018.4 1.8 3.0 17.7 08:45 S-SW 6 18.0 22.6 16:15 15.6 08:05 87 1019.7 6.2 5.9 19.3 18:05 N-NW 7 17.9 20.9 18:45 15.6 06:30 90 1019.5 12.2 5.1 12.9 16:05 N-NW 8 20.2 25.8 16:45 16.3 05:15 83 1019.4 17.6 3.8 17.7 20:40 N-NO 9 21.4 28.3 17:15 15.6 05:45 79 1018.8 0.0 2.3 12.9 18:25 N-NO 10 22.2 28.7 16:30 16.4 05:05 72 1018.3 0.0 2.5 20.9 17:20 N-NO 11 22.6 29.7 16:10 15.2 06:00 70 1017.0 0.0 2.1 14.5 14:30 SW 12 22.0 28.7 15:20 17.1 04:45 72 1017.8 0.0 5.4 20.9 15:10 N 13 19.5 25.4 17:10 13.2 05:55 58 1023.8 0.0 5.8 16.1 11:50 N-NO 14 21.3 29.1 16:45 12.3 05:10 57 1019.5 0.0 2.7 14.5 11:40 O-SO 15 23.5 31.1 16:05 14.5 05:30 61 1016.0 0.0 2.4 16.1 18:15 N-NO 16 25.8 32.6 16:00 17.7 05:40 60 1012.3 0.0 2.9 14.5 16:50 O-SO 17 28.0 34.1 14:35 19.4 05:55 54 1010.2 0.0 3.7 19.3 16:35 SW 18 28.0 34.6 17:35 20.8 03:55 60 1010.6 0.0 3.4 24.1 22:30 W-SW 19 27.7 33.5 17:00 21.2 06:00 62 1011.2 0.0 3.0 14.5 15:05 O 20 25.2 29.1 00:25 18.0 23:30 70 1007.1 7.0 6.4 29.0 22:00 W-SW 21 22.2 28.2 16:20 16.9 05:20 74 1006.2 0.2 6.0 14.5 09:35 SW 22 17.6 21.9 17:55 14.9 04:50 91 1011.4 7.6 3.5 19.3 01:30 N-NO 23 20.1 26.8 17:00 15.5 07:55 83 1015.5 1.2 3.3 12.9 16:10 N-NO 24 18.7 21.6 15:05 17.1 23:50 91 1015.8 11.8 3.2 16.1 14:10 N-NO 25 18.7 23.0 15:40 16.2 06:05 85 1017.0 2.4 2.4 14.5 15:05 W-SW 26 20.5 26.4 18:20 13.5 05:55 74 1016.6 0.2 2.0 12.9 17:05 NO 27 22.9 29.4 16:30 17.1 05:15 71 1013.1 0.8 2.6 17.7 11:55 O 28 23.4 30.4 17:40 19.0 23:55 77 1012.4 5.6 2.9 19.3 18:50 SW 29 19.4 26.3 14:20 15.8 23:50 89 1010.9 9.4 3.7 33.8 15:40 S-SO 30 17.0 20.6 15:00 15.1 09:30 88 1011.4 3.6 6.5 20.9 16:10 SW -------------------------------------------------------------------------------------------------------------- Avg: 21.6 34.6 18 9.0 1 73 1015.2 88.2 3.8 33.8 29 N-NO Distribution WD Values 1760 Distribution WD N-NO 12.273% Distribution WD NO 4.034% Distribution WD NO-O 4.261% Distribution WD O 6.534% Distribution WD O-SO 7.557% Distribution WD SO 6.875% Distribution WD SO-S 8.807% Distribution WD S 3.409% Distribution WD S-SW 2.500% Distribution WD SW 12.216% Distribution WD SW-W 9.545% Distribution WD W 1.477% Distribution WD W-NW 0.284% Distribution WD NW 2.102% Distribution WD NW-N 7.614% Distribution WD N 10.511% Rain days >0.0 l/m² Month 16 Rain days >2.0 l/m² Month 10 Rain days >20.0 l/m² Month 0 Ice days max < 0°C 0 Cold days min <= 0°C 0 Cool days max < 10°C 0 Summer days max >=25°C 23 Hot days max >=30°C 6 Last year same Month: Ice days max < 0°C 0 Last year same Month: Cold days min <= 0°C 0 Last year same Month: Cool days max < 10°C 0 Last year same Month: Summer days max >=25°C 13 Last year same Month: Hot days max >=30°C 2 © 1999-2020 Werner Krenn - Wetterstation Bedien- und Auswertesoftware - V2.99.8.8